List the prime factors of c.
2, 23
Let d = 27 - 5. Suppose -23*g = -d*g. Suppose q = -0*q - 3, 3*m - 3*q - 78 = g. What are the prime factors of m?
23
Let d be -35*(2 - (-52)/(-20)). Suppose x = d - 18. Suppose -18 = -x*l - 2*y + 104, 5*l - 202 = -4*y. List the prime factors of l.
2, 3, 7
Suppose 91*x - 1537473 = -56*x. What are the prime factors of x?
10459
Let k be (-1)/(-3 - 124/(-40)). What are the prime factors of (1776/k)/((-18)/15 - -1)?
2, 3, 37
Suppose -183*a + 188*a = 247910. What are the prime factors of a?
2, 13, 1907
Let c = -38 + 71. Let g = c + -28. Suppose g*x = -29 + 399. What are the prime factors of x?
2, 37
List the prime factors of 2*5212 + 90 + -105.
7, 1487
Let p = -6397 - -17505. List the prime factors of p.
2, 2777
Suppose -5*m = 6*w - 39368, 2*w - 4*m + 9*m - 13116 = 0. List the prime factors of w.
6563
Let u = 17599 - 1961. What are the prime factors of u?
2, 7, 1117
Suppose 6065 = 4*t + 32*l - 31*l, l = 3*t - 4547. What are the prime factors of t?
2, 379
Let x(l) = -21*l**2 - 17*l + 5. Let q be (40/(-16))/((-1)/(-2)). Let o be x(q). Let r = -175 - o. List the prime factors of r.
2, 5, 13
Suppose -460 + 28 = -24*m. Let r(l) = 10*l + 113. List the prime factors of r(m).
293
Suppose -9*c + 662 = 41. Let v = c + 44. What are the prime factors of v?
113
Suppose 435 = -0*z - 5*z. Let f = z + 92. Suppose -f = a + 2*x, 0 = -a - 2*x - 2*x - 15. List the prime factors of a.
5
Let k = -28 + 30. Suppose -k*z + z + j - 8 = 0, 0 = 4*z - j + 23. What are the prime factors of (-174)/(-10) - (-2)/z?
17
Suppose 3*u + 41480 = a, 4*u + 23753 - 106683 = -2*a. What are the prime factors of a?
113, 367
What are the prime factors of (-2 - 18639)*222/(-518)?
3, 2663
Let f = 104963 + -74816. List the prime factors of f.
3, 13, 773
Let n be (222/42 - 5)*749. Let a(i) = -i**2 - 3*i - 6. Let h be a(6). Let c = h + n. What are the prime factors of c?
2, 7, 11
Let l(v) = -v**3 + 64*v**2 + 85*v - 488. List the prime factors of l(63).
2, 47
Let f(b) = 18*b - 15. Let x = 134 + -129. What are the prime factors of f(x)?
3, 5
Let p(n) = -11*n**3 - 14*n**2 - 92*n. What are the prime factors of p(-7)?
7, 13, 41
Let y(v) = v**2 + 3*v - 35. Let x be y(9). List the prime factors of ((-6)/(-3) + -1)*x.
73
Let y(s) = s**2 + 19*s - 20. Let d be y(10). Suppose 4*v = -x + 160, 2*x - 2*v = -0*v + d. What are the prime factors of 14800/x + (-4)/(-14)?
2, 53
Suppose 1870*u - 1807*u - 723114 = 0. What are the prime factors of u?
2, 3, 1913
Let c be (-6*1/(-3))/((-2)/(-7)). Let i(z) = 2*z**3 - 9*z**2 - 10*z - 1. What are the prime factors of i(c)?
2, 3, 29
Suppose -12*y = 148*y - 2056256 - 1583744. What are the prime factors of y?
2, 5, 7, 13
Let c be (6 + -6)*(-2)/6. Suppose 5*f + 5*g = -c*g + 120, -92 = -3*f + 2*g. List the prime factors of f.
2, 7
Let j(f) = 3*f**2 - f - 1. Let n(g) = -5*g**2 + 2*g + 2. Let k(u) = -7*j(u) - 4*n(u). Let p be k(-1). What are the prime factors of (0/p)/(-1) - -84?
2, 3, 7
Suppose 4*p + 3548 = 6*p. What are the prime factors of p?
2, 887
Let t be (0 - (-1)/(-1))*2. Let r(c) = -3*c**3 + 4 + 0*c**3 - 3*c**3 + 71*c - 65*c + 4*c**2. What are the prime factors of r(t)?
2, 7
Suppose -3*u - 2*j - 6 = -2*u, -3*u + 5*j = -37. Let f be 2/(-13) + 50/(-13) + u. Let i = f + 169. What are the prime factors of i?
13
Let t(y) = -71*y - 293. Let n(w) = w**2 + 15*w - 42. Let x be n(-17). What are the prime factors of t(x)?
5, 11
Let k(j) = 13*j - 4. Suppose 0 = -b + 7 - 2. Let u be k(b). Let m = 132 - u. List the prime factors of m.
71
Suppose 1 + 15 = -y. Let n be (-15)/(-9)*(y + -2). List the prime factors of (-3*n/25)/((-6)/(-260)).
2, 3, 13
Let x(v) = -321*v - 19. Let o be x(-15). Suppose 3*h + 8*h - o = 0. List the prime factors of h.
2, 109
Let f = 84 + -82. Suppose -x - x = f*z - 500, -2*x + 485 = -3*z. List the prime factors of x.
13, 19
Let w = -2320 + 3421. What are the prime factors of w/5 + 276/(-30) + 9?
2, 5, 11
Suppose 2*w - 10829 = 5*j, 3*j = 8*w - 9*w + 5431. What are the prime factors of w?
2, 2711
Let i = 6 - 8. Let s(p) be the second derivative of -5*p**3/3 + 2*p**2 - 758*p. What are the prime factors of s(i)?
2, 3
Suppose -8*o + 252 = -948. Let w be 4 + o/(-39) - (-111)/39. Suppose 5*q = 4*g + 846, w*q - g = 59 + 443. List the prime factors of q.
2, 83
Let r(j) = j**3 - 2*j**2 - 7*j + 43. Let d(c) = c**3 - c**2 - 8*c + 42. Let a(o) = -2*d(o) + 3*r(o). List the prime factors of a(11).
3, 31
Let v(t) be the first derivative of t**4/4 - 3*t**3 + 5*t**2 - 12*t + 2. Let u be v(9). Suppose -5*n - u = -7*n. What are the prime factors of n?
3, 13
Let y = 68738 - 25235. List the prime factors of y.
3, 17, 853
Suppose 3*v + 2 = -2*q + 7, 4*v - 14 = q. Suppose -4*r + v = 3*s - r, 5*s + 3*r = 9. Suppose s*p = 152 + 94. List the prime factors of p.
2, 41
Let t(q) = 13*q**2 + 9*q - 76. Let s be t(-10). Let y(p) = p**3 - 8*p**2 - 9*p + 9. Let g be y(9). Suppose -s = 3*d - g*d. What are the prime factors of d?
3, 7
Let t = 510 + 41977. List the prime factors of t.
42487
Let j = 3401 + 6233. List the prime factors of j.
2, 4817
Suppose -3*l + 1108 + 1307 = 0. Suppose n = 5*m - 2*n - l, 2*m = -n + 311. Let d = m - 82. List the prime factors of d.
2, 19
Let n be -2*(-3)/((-6)/(-277)). Suppose -7*j + n = -2733. List the prime factors of j.
2, 5, 43
Let x = 110 - 39. Suppose -2*h + x = -61. List the prime factors of h.
2, 3, 11
Suppose 0 = -12*y + 1344 + 48. Let s = -75 + y. List the prime factors of s.
41
Let w(f) = 35*f - 35. Suppose 27 = q + 2*q + 3*k, -5*k = -3*q + 3. Let s be w(q). Suppose 3*g - s = 122. List the prime factors of g.
3, 11
Suppose -4*x = -46846 + 20246. List the prime factors of x.
2, 5, 7, 19
Suppose 97*t + 573632 = 129*t. List the prime factors of t.
2, 8963
Suppose -14160 = -64*x + 24*x. Suppose -744 - x = -3*m. List the prime factors of m.
2, 3, 61
Let d(q) be the second derivative of 8*q**4/3 + q**3/2 + 3*q**2/2 + 3*q - 4. List the prime factors of d(-3).
2, 3, 47
Suppose -2*x - 3865 = -7*x. Let y = x - 242. What are the prime factors of y?
3, 59
Suppose 2*p - 20326 = 3*t, t + 10162 = 20*p - 19*p. What are the prime factors of p?
2, 5, 127
Suppose 159*n - 139827 = 32*n. What are the prime factors of n?
3, 367
List the prime factors of (-2 + 5)*(-8 - 2/(30/(-43265))).
8629
Suppose -239*r + 237732 = -206*r. What are the prime factors of r?
2, 1801
Let j be -10 - ((-1)/3)/((-17)/(-102)). Let l(x) = 6*x**2 + 17*x + 42. What are the prime factors of l(j)?
2, 5, 29
Let h = 13087 - 9005. List the prime factors of h.
2, 13, 157
Let o = 116 + 94. List the prime factors of ((o - 1)*-1)/(-1).
11, 19
Let q(d) = 5*d - 12. Let t be q(3). Suppose 0 = m + 4*x - t*x + 16, 41 = -2*m - 5*x. Let k(p) = -p**3 - 11*p**2 + 19*p + 1. What are the prime factors of k(m)?
2, 23
Let n be (21 - 18)*420/4. What are the prime factors of (1207/(-4))/(n/20 + -16)?
17, 71
Suppose 32*x + 2*b = 31*x + 8047, -2*x + b + 16109 = 0. List the prime factors of x.
8053
Let c(g) = 7*g**3 + 163*g**2 - 47*g - 23. What are the prime factors of c(-12)?
17, 701
Suppose -3*m - 2999 = -4*r, -2001 = -4*r + 5*m + 992. Suppose -g - r = -2*z + 3*g, -3*z + 1118 = -g. What are the prime factors of z?
2, 3, 31
Let d(f) = 9*f - 67 + 59 + 3*f**3 + 3*f - 18*f**2. What are the prime factors of d(6)?
2
Suppose 2*l - 38892 = -5*m, -5*l - 22950 = -2*m - 7370. What are the prime factors of m?
2, 5, 389
Let a(k) = 419*k + 33. Let n(o) = 838*o + 69. Let f(l) = 13*a(l) - 6*n(l). What are the prime factors of f(1)?
2, 7, 31
Let g(f) = f**3 + 11*f**2 + 5*f + 4. Let r(w) = -w**2 - 10*w + 30. Suppose 3*n - 15 = -6. Let y be r(n). What are the prime factors of g(y)?
11
Let g = -15751 - -19345. What are the prime factors of g?
2, 3, 599
Let t(z) = 174*z**3 - 260*z**2 - 12*z - 2. List the prime factors of t(5).
2, 3797
Let z(c) = 55*c**2 + c + 3. Let h(l) be the second derivative of l**4/12 + 13*l**3/6 - 23*l**2 - 27*l. Let w be h(-16). List the prime factors of z(w).
3, 5
Let u = 166 - -581. Suppose 0 = -3*h + 2*v + 4032, -5*h - 3*v = u - 7486. List the prime factors of h.
2, 673
Let d(n) = n**3 - 5*n**2 - 23*n + 2. Suppose 8 = r + 5. Suppose 0 = 4*i + 2*m - 28, 4*m = 5*i + r*m - 42. List the prime factors of d(i).
2, 5
Suppose -14*m = 70 + 42. What are the prime factors of 2/3*m/((-48)/459)?
3,